 g(k) = -6*k - 26. Determine g(-14).
58
Let a(m) = -3*m**2 - 110*m + 41. What is a(-37)?
4
Let l(j) = 4*j**2 - 3*j + 1. Give l(2).
11
Let g(t) = t**2 - 20*t - 21. What is g(22)?
23
Let u(o) = -o**3 + 9*o**2 - 13*o + 1. What is u(7)?
8
Let t(l) = l**3 - 29*l**2 + 28*l - 81. Calculate t(28).
-81
Let j(g) = g**3 + 11*g**2 - 26*g - 2. Give j(-13).
-2
Let l(d) = d**2 - 50*d - 213. Give l(54).
3
Let b(y) = -y**3 + 11*y**2 - 2*y + 6. Determine b(11).
-16
Let c(t) = t**3 + 56*t**2 + 56*t + 59. Determine c(-55).
4
Let r(c) = -c**3 - 4*c**2 + 9*c + 5. Calculate r(-6).
23
Let o(l) = l**2 + 19*l - 23. What is o(-19)?
-23
Let r(p) = 26*p + 18. Calculate r(-6).
-138
Let s(k) = 11*k - 156. Determine s(12).
-24
Let z(q) = 29*q**2 - q - 1. What is z(-1)?
29
Let u(z) = -95*z - 1524. Determine u(-16).
-4
Let z(m) = -m**2 + 29*m + 65. What is z(31)?
3
Let q(d) = -d**2 + d + 8. What is q(7)?
-34
Let g(u) = 12*u - 25. What is g(8)?
71
Let s(l) = -l**3 + 20*l**2 - 39*l - 26. Calculate s(18).
-80
Let g(c) = c**3 + 3*c**2 - 18*c + 2. Give g(-6).
2
Let b(s) = -4*s + 2. What is b(1)?
-2
Let u(f) = 28*f + 1089. Give u(-39).
-3
Let x(f) = -f**2 - 6*f + 11. Determine x(-7).
4
Let x(m) = -8*m + 3. Determine x(-4).
35
Let j(n) = -15*n - 52. What is j(-3)?
-7
Let s(n) = 60*n - 303. What is s(5)?
-3
Let h(q) = -10*q + 56. What is h(7)?
-14
Let d(a) = -a**2 - 11*a - 14. Give d(-8).
10
Let s(u) = -4*u - 13. Calculate s(-4).
3
Let y(t) = 21*t**3 + 2*t**2 - 3*t + 1. Give y(1).
21
Let n(a) = a**3 - 7*a**2 - 10. What is n(7)?
-10
Let h(u) = -2*u**2 + 25*u - 83. Determine h(8).
-11
Let a(m) = -m**2 + 19*m - 58. Give a(12).
26
Let c(a) = a**2 + 9*a + 13. What is c(-7)?
-1
Let h(j) = j**2 - 7*j - 5. Determine h(7).
-5
Let l(o) = -o**3 + 9*o**2 - 20*o + 6. Determine l(6).
-6
Let x(d) = 3*d - 7. Determine x(6).
11
Let n(l) = 2*l**2 + 8*l + 12. Determine n(-3).
6
Let x(d) = -d - 2. Give x(11).
-13
Let r(t) = -4*t - 15. Give r(-7).
13
Let i(l) = -2*l - 3. Calculate i(-4).
5
Let p(b) = -b**3 + 9*b**2 - 6*b - 12. What is p(8)?
4
Let j(i) = i**3 + 10*i**2 + i - 6. What is j(-9)?
66
Let q(g) = 8*g - 8. Determine q(3).
16
Let d(b) = 12*b - 67. Give d(6).
5
Let v(y) = 3*y + 21. Calculate v(-5).
6
Let b(l) = -l**2 - 2*l + 4. Determine b(3).
-11
Let p(b) = 2*b**2 + 7*b - 5. What is p(-6)?
25
Let k(i) = 3*i**3 - 3*i**2 + 2*i - 2. Determine k(2).
14
Let u(c) = c + 1. Give u(-7).
-6
Let a(b) = 7*b - 154. What is a(18)?
-28
Let a(z) = -z**3 - 13*z**2 - 6*z + 78. Give a(-12).
6
Let z(p) = -p**3 - 9*p**2 - 12*p - 16. Calculate z(-8).
16
Let y(f) = 6*f - 14. Determine y(3).
4
Let n(t) = t**2 + 18*t + 47. What is n(-13)?
-18
Let f(h) = -2*h**3 + 16*h**2 - 13*h - 5. What is f(7)?
2
Let l(g) = g**3 - 6*g**2 - 7*g - 5. Calculate l(7).
-5
Let i(g) = 3*g + 28. Calculate i(-9).
1
Let n(o) = o**3 + 7*o**2 + 5*o - 4. Calculate n(-6).
2
Let j(i) = 4*i - 25. What is j(17)?
43
Let n(r) = -r**2 - 13*r + 26. Calculate n(-15).
-4
Let j(a) = -a**2 + 2*a. Calculate j(-5).
-35
Let j(y) = y**3 + 4*y**2 - y + 5. Determine j(-4).
9
Let f(t) = -32*t**3 + t**2 + 4*t + 2. What is f(-1)?
31
Let z(d) = -d**3 + 13*d**2 + 48*d - 7. What is z(16)?
-7
Let t(g) = -g**2 + 20*g - 26. Calculate t(17).
25
Let k(j) = 5*j. Determine k(-2).
-10
Let b(r) = 12*r - 87. Determine b(8).
9
Let c(p) = -p**3 - 3*p**2 + 4*p + 11. Give c(-2).
-1
Let x(i) = 4*i + 4. Calculate x(-3).
-8
Let k(n) = 2*n + 10. Give k(12).
34
Let f(g) = g**2 + 12*g + 3. Determine f(-12).
3
Let j(c) = c**3 + 15*c**2 + 13*c - 18. Calculate j(-14).
-4
Let z(k) = -k**2 + 7*k + 5. What is z(6)?
11
Let x(l) = -8*l**3 - 2*l**2 - 3*l - 2. What is x(-1)?
7
Let n(y) = -2*y - 12. Give n(3).
-18
Let q(s) = -9*s**2 - 6*s + 5. What is q(2)?
-43
Let y(a) = -4*a + 51. Give y(11).
7
Let x(o) = o**2 - 9*o - 35. Determine x(12).
1
Let p(a) = -2*a**2 + a - 1. Calculate p(1).
-2
Let u(g) = -g**3 + g**2 + g - 2. Calculate u(0).
-2
Let m(c) = -c**2 - c - 12. Give m(-4).
-24
Let k(x) = 3*x - 5. Calculate k(0).
-5
Let t(j) = j**2 - 3*j + 8. Determine t(5).
18
Let n(d) = -d**3 + 16*d**2 + 16*d - 24. Determine n(17).
-41
Let y(d) = d**3 - 4*d**2 - d + 2. Calculate y(5).
22
Let g(d) = 9*d**3 + 4*d + 2. Determine g(-1).
-11
Let z(i) = -i**3 - 3*i**2 - 5*i - 7. Calculate z(-2).
-1
Let r(z) = z**3 - 13*z**2 - 25*z + 146. What is r(14)?
-8
Let z(k) = -k**3 + 13*k**2 - 6*k + 7. Give z(11).
183
Let g(n) = -n**2 - 7*n - 12. Calculate g(-7).
-12
Let o(g) = 85*g + 3. Determine o(-1).
-82
Let w(q) = q - 25. Calculate w(5).
-20
Let t(g) = -3*g + 67. Calculate t(-8).
91
Let n(z) = -z**3 - z + 7. Calculate n(0).
7
Let f(t) = -t**3 - 18*t**2 - 13*t - 4. What is f(-17)?
-72
Let w(q) = -3*q - 5. Calculate w(5).
-20
Let f(z) = -34*z**2 + z. What is f(-2)?
-138
Let n(y) = -14*y + 66. Give n(7).
-32
Let o(k) = k**3 - 6*k**2 - 2*k - 6. Determine o(6).
-18
Let u(n) = -n**3 + 14*n**2 - 14*n + 18. Determine u(13).
5
Let m(l) = -4*l**3 + 2*l**2 - l. Determine m(2).
-26
Let v(h) = h - 2. Determine v(8).
6
Let q(b) = b**2 + 26*b + 45. What is q(-23)?
-24
Let w(z) = 2*z + 25. Give w(-16).
-7
Let w(a) = -a + 19. Calculate w(14).
5
Let t(s) = -s - 10. What is t(-3)?
-7
Let o(p) = -116*p - 1508. Calculate o(-13).
0
Let n(o) = 4*o + 22. What is n(-7)?
-6
Let l(k) = k**3 - 9*k**2 - 4*k - 60. What is l(10)?
0
Let x(i) = 15*i**3 - 3*i**2 - 3*i - 1. What is x(-1)?
-16
Let h(k) = k**3 - 7*k**2 - 8*k - 8. Determine h(8).
-8
Let z(x) = -x**3 - 6*x**2 + 4*x - 24. Give z(-7).
-3
Let u(s) = -41*s. What is u(-1)?
41
Let f(u) = 2*u**2 - 5*u + 14. Determine f(0).
14
Let n(p) = p - 9. Determine n(6).
-3
Let f(b) = 3*b**2 - 21*b - 8. Determine f(7).
-8
Let l(w) = 3*w + 30. Determine l(-5).
15
Let c(t) = t**2 - 27. What is c(5)?
-2
Let d(m) = -m**2 + 11*m - 29. Give d(4).
-1
Let n(p) = -9*p - 250. Calculate n(-30).
20
Let j(l) = -l**2 - 9*l + 10. Determine j(-8).
18
Let q(m) = 8*m + 163. What is q(-21)?
-5
Let r(o) = o + 18. What is r(-8)?
10
Let j(b) = b**3 + 18*b**2 - 18*b - 19. Determine j(-19).
-38
Let v(z) = z**2 - 17*z - 3. What is v(17)?
-3
Let d(f) = -10*f - 19. Calculate d(12).
-139
Let s(l) = -l - 26. Give s(-2).
-24
Let t(l) = -2*l**2 - 36*l - 80. Determine t(-15).
10
Let p(y) = 6*y**2 + y - 8. What is p(2)?
18
Let r(a) = -a**3 + 23*a**2 - 22*a + 90. Give r(22).
90
Let u(o) = 7*o - 20. Calculate u(9).
43
Let d(x) = -6*x + 6. Determine d(4).
-18
Let o(q) = -q**3 - q**2 - q + 14. Determine o(0).
14
Let c(x) = -x - 23. Calculate c(-6).
-17
Let l(y) = -y**3 + 15*y**2 + 15*y + 7. Determine l(16).
-9
Let m(y) = 48*y + 883. Calculate m(-18).
19
Let h(f) = f**3 - 21*f**2 - 48*f + 38. What is h(23)?
-8
Let w(u) = u + 21. Determine w(0).
21
Let g(a) = -a - 7. Determine g(0).
-7
Let d(g) = g**3 + 4*g**2 - 12*g + 4. Give d(-6).
4
Let y(o) = 38*o - 94. What is y(3)?
20
Let q(b) = 8*b**2. Determine q(-1).
8
Let j(r) = 3*r**3 + 10*r**2 - 8*r + 5. Calculate j(-4).
5
Let d(a) = -2*a**2 - 2*a + 27. What is d(-5)?
-13
Let r(h) = -2*h**2 - 3*h + 2. Calculate r(-4).
-18
Let d(i) = -4*i - 4. Determine d(5).
-24
Let z(p) = 4*p - 6. Calculate z(-4).
-22
Let y(c) = c + 14. Give y(-15).
-1
Let p(d) = d**2 + 11*d + 9. Determine p(-10).
-1
Let x(r) = r**2 + r - 10. What is x(0)?
-10
Let x(j) = -j - 3. Calculate x(1).
-4
Let b(o) = -o**3 - 9*o**2 + 4*o - 58. Calculate b(-10).
2
Let j(k) = 5*k + 60. What is j(-10)?
10
Let r(s) = -s**3 - 6*s**2 + 7*s - 6. Give r(-7).
-6
Let f(w) = w**2 + 22*w - 49. What is f(-24)?
-1
Let j(o) = -3*o**2 + 8*o - 9. What is j(4)?
-25
Let k(v) = v**2 - 3*v - 7. Give k(0).
-7
Let c(i) = 11*i**2 + 5*i + 2. Give c(-1).
8
Let o(x) = 2*x**2 + 12*x - 134. What is o(7)?
48
Let s(c) = c + 41. Calculate s(-10).
31
Let c(y) = -y**3 - 12*y**2 - y + 12. Determine c(-12).
24
Let y(d) = -2*d**2 - 7*d - 4. What is y(-4)?
-8
Let i(l) = -4*l + 12. Calculate i(12).
-36
Let n(x) = -33*x - 39. Give n(3).
-138
Let w(m) = -m**3 - m**2 + 7. Determine w(-2).
11
Let l(y) = -y**2 - 2. What is l(-2)?
-6
Let g(l) = 14*l + 106. Calculate g(-8).
-6
Let j(l) = -6*l - 7. Determine j(-5).
23
Let t(f) = -6*f**2 + 7*f - 7. What is t(3)?
-40
Let a(c) = 7*c + 38. Give a(20).
178
Let c(k) = -48*k + 14. What is c(3)?
-130
Let t(d) = -d**3 - 13*d**2 - 4*d - 22. Calculate t(-13).
30
Let p(x) = x**3 - 13*x**2 - 16*x + 18. Calculate p(14).
-10
Let h(u) = u**3 + 13*u**2 - 14*